{"id":2,"date":"2026-04-13T15:28:38","date_gmt":"2026-04-13T15:28:38","guid":{"rendered":"https:\/\/sanbongdailong.site\/?page_id=2"},"modified":"2026-04-19T16:36:56","modified_gmt":"2026-04-19T16:36:56","slug":"trang-chu","status":"publish","type":"page","link":"https:\/\/sanbongdailong.site\/","title":{"rendered":"trang ch\u1ee7"},"content":{"rendered":"\n<div class=\"slider-wrapper relative\" id=\"slider-1689501571\" style=\"background-color:#941111;\">\n    <div class=\"slider slider-nav-circle slider-nav-large slider-nav-light slider-style-normal\"\n        data-flickity-options='{\n            \"cellAlign\": \"center\",\n            \"imagesLoaded\": true,\n            \"lazyLoad\": 1,\n            \"freeScroll\": false,\n            \"wrapAround\": true,\n            \"autoPlay\": 6000,\n            \"pauseAutoPlayOnHover\" : true,\n            \"prevNextButtons\": true,\n            \"contain\" : true,\n            \"adaptiveHeight\" : true,\n            \"dragThreshold\" : 10,\n            \"percentPosition\": true,\n            \"pageDots\": true,\n            \"rightToLeft\": false,\n            \"draggable\": true,\n            \"selectedAttraction\": 0.1,\n            \"parallax\" : 0,\n            \"friction\": 0.6        }'\n        >\n        \n\n<div class=\"row\"  id=\"row-1542514505\">\n\n\n\t<div id=\"col-242373716\" class=\"col small-12 large-12\"  >\n\t\t\t\t<div class=\"col-inner\"  >\n\t\t\t\n\t\t\t\n\n\t<div id=\"gap-1091373902\" class=\"gap-element clearfix\" style=\"display:block; height:auto;\">\n\t\t\n<style>\n#gap-1091373902 {\n  padding-top: 30px;\n}\n<\/style>\n\t<\/div>\n\t\n\n\t<div id=\"text-3798689270\" class=\"text\">\n\t\t\n\n<h1 class=\"stk-block-heading__text\" style=\"text-align: center;\">S\u00e2n B\u00f3ng \u0110\u1ea1i Long<\/h1>\n\t\t\n<style>\n#text-3798689270 {\n  color: #eeee22;\n}\n#text-3798689270 > * {\n  color: #eeee22;\n}\n<\/style>\n\t<\/div>\n\t\n\n\t\t<\/div>\n\t\t\t\t\t<\/div>\n\n\t\n\n\t<div id=\"col-1751625448\" class=\"col small-12 large-12\"  >\n\t\t\t\t<div class=\"col-inner\"  >\n\t\t\t\n\t\t\t\n\n\t<div id=\"text-2159809893\" class=\"text\">\n\t\t\n\n<p><strong>S\u00e2n b\u00f3ng \u0110\u1ea1i Long<\/strong> l\u00e0 \u0111\u1ecba \u0111i\u1ec3m l\u00fd t\u01b0\u1edfng d\u00e0nh cho nh\u1eefng ng\u01b0\u1eddi y\u00eau th\u00edch b\u00f3ng \u0111\u00e1 v\u1edbi kh\u00f4ng gian r\u1ed9ng r\u00e3i, m\u1eb7t s\u00e2n ch\u1ea5t l\u01b0\u1ee3ng v\u00e0 h\u1ec7 th\u1ed1ng chi\u1ebfu s\u00e1ng hi\u1ec7n \u0111\u1ea1i. \u0110\u00e2y l\u00e0 n\u01a1i th\u01b0\u1eddng xuy\u00ean di\u1ec5n ra c\u00e1c tr\u1eadn \u0111\u1ea5u giao h\u1eefu, gi\u1ea3i \u0111\u1ea5u phong tr\u00e0o c\u0169ng nh\u01b0 c\u00e1c ho\u1ea1t \u0111\u1ed9ng th\u1ec3 thao s\u00f4i n\u1ed5i trong khu v\u1ef1c.<\/p>\n<p style=\"text-align: center;\"><strong><em>\u0110\u1ecba ch\u1ec9 : C19 \u1ea4P 4B, B\u00ecnh H\u01b0ng, H\u1ed3 Ch\u00ed Minh. <\/em><\/strong><\/p>\n<p style=\"text-align: center;\">R\u1ea5t mong nh\u1eadn \u0111\u01b0\u1ee3c s\u1ef1 \u1ee7ng h\u1ed9 t\u1eeb c\u00e1c ae \u0111\u1ed9i b\u00f3ng!!!<\/p>\n\t\t\n<style>\n#text-2159809893 {\n  color: #ffffff;\n}\n#text-2159809893 > * {\n  color: #ffffff;\n}\n<\/style>\n\t<\/div>\n\t\n\n\t\t<\/div>\n\t\t\t\t\t<\/div>\n\n\t\n\n\t<div id=\"col-1074412186\" class=\"col small-12 large-12\"  >\n\t\t\t\t<div class=\"col-inner text-center\"  >\n\t\t\t\n\t\t\t\n\n<a class=\"button primary\"  style=\"border-radius:99px;\">\n\t\t<span>\u0110\u1eb7t s\u00e2n ngay<\/span>\n\t<\/a>\n\n\n\n\t\t<\/div>\n\t\t\t\t\t<\/div>\n\n\t\n\n<\/div>\n\n     <\/div>\n\n     <div class=\"loading-spin dark large centered\"><\/div>\n\n\t<\/div>\n\n\n\n\t<section class=\"section\" id=\"section_1564526843\">\n\t\t<div class=\"section-bg fill\" >\n\t\t\t\t\t\t\t\t\t\n\t\t\t\n\n\t\t<\/div>\n\n\t\t\n\n\t\t<div class=\"section-content relative\">\n\t\t\t\n\n<div class=\"row\"  id=\"row-1009247812\">\n\n\n\t<div id=\"col-2041564261\" class=\"col medium-8 small-12 large-8\"  >\n\t\t\t\t<div class=\"col-inner\"  >\n\t\t\t\n\t\t\t\n\n\t<div id=\"text-748879935\" class=\"text\">\n\t\t\n\n<h1 class=\"stk-block-heading__text\"><strong>S\u00e2n b\u00f3ng \u0110\u1ea1i Long \u2013 Ti\u1ec7n \u00edch t\u1ea1i s\u00e2n b\u00f3ng<\/strong><\/h1>\n<p>Nh\u1eb1m mang \u0111\u1ebfn tr\u1ea3i nghi\u1ec7m tho\u1ea3i m\u00e1i v\u00e0 thu\u1eadn ti\u1ec7n cho ng\u01b0\u1eddi ch\u01a1i, s\u00e2n b\u00f3ng \u0110\u1ea1i Long \u0111\u01b0\u1ee3c trang b\u1ecb \u0111\u1ea7y \u0111\u1ee7 c\u00e1c ti\u1ec7n \u00edch c\u1ea7n thi\u1ebft:<\/p>\n<p>\u2705 S\u00e2n c\u1ecf nh\u00e2n t\u1ea1o \u0111\u1ea1t ti\u00eau chu\u1ea9n, \u00eam v\u00e0 an to\u00e0n<\/p>\n<p>\u2705H\u1ec7 th\u1ed1ng \u0111\u00e8n chi\u1ebfu s\u00e1ng ban \u0111\u00eam r\u00f5 n\u00e9t<\/p>\n<p>\u2705Khu v\u1ef1c g\u1eedi xe r\u1ed9ng r\u00e3i, an ninh \u0111\u1ea3m b\u1ea3o<\/p>\n<p>\u2705Ph\u00f2ng thay \u0111\u1ed3 v\u00e0 nh\u00e0 v\u1ec7 sinh s\u1ea1ch s\u1ebd<\/p>\n<p>\u2705D\u1ecbch v\u1ee5 cho thu\u00ea b\u00f3ng, \u00e1o \u0111\u1ea5u ti\u1ec7n l\u1ee3i<\/p>\n<p>\u2705Khu v\u1ef1c ngh\u1ec9 ng\u01a1i d\u00e0nh cho c\u1ea7u th\u1ee7 v\u00e0 kh\u00e1n gi\u1ea3<\/p>\n\t\t\n<style>\n#text-748879935 {\n  font-size: 0.85rem;\n}\n<\/style>\n\t<\/div>\n\t\n\n\t\t<\/div>\n\t\t\t\t\t<\/div>\n\n\t\n\n\t<div id=\"col-192636290\" class=\"col medium-4 small-12 large-4\"  >\n\t\t\t\t<div class=\"col-inner\"  >\n\t\t\t\n\t\t\t\n\n\t<div class=\"img has-hover x md-x lg-x y md-y lg-y\" id=\"image_627757849\">\n\t\t\t\t\t\t\t\t<div class=\"img-inner dark\" >\n\t\t\t\t\t\t\t\t\t\n\t\t\t\t\t<\/div>\n\t\t\t\t\t\t\t\t\n<style>\n#image_627757849 {\n  width: 100%;\n}\n<\/style>\n\t<\/div>\n\t\n\n\t<div class=\"img has-hover x md-x lg-x y md-y lg-y\" id=\"image_1159041130\">\n\t\t\t\t\t\t\t\t<div class=\"img-inner dark\" >\n\t\t\t<img loading=\"lazy\" decoding=\"async\" width=\"960\" height=\"640\" src=\"https:\/\/sanbongdailong.site\/wp-content\/uploads\/2026\/04\/image_processing20240908-8-y9qq72.jpg\" class=\"attachment-large size-large\" alt=\"S\u00e2n b\u00f3ng \u0110\u1ea1i Long\" srcset=\"https:\/\/sanbongdailong.site\/wp-content\/uploads\/2026\/04\/image_processing20240908-8-y9qq72.jpg 960w, https:\/\/sanbongdailong.site\/wp-content\/uploads\/2026\/04\/image_processing20240908-8-y9qq72-300x200.jpg 300w, https:\/\/sanbongdailong.site\/wp-content\/uploads\/2026\/04\/image_processing20240908-8-y9qq72-768x512.jpg 768w\" sizes=\"auto, (max-width: 960px) 100vw, 960px\" \/>\t\t\t\t\t\t\n\t\t\t\t\t<\/div>\n\t\t\t\t\t\t\t\t\n<style>\n#image_1159041130 {\n  width: 100%;\n}\n<\/style>\n\t<\/div>\n\t\n\n\n\t\t<\/div>\n\t\t\t\t\t<\/div>\n\n\t\n\n<\/div>\n<div class=\"row\"  id=\"row-1237262874\">\n\n\n\t<div id=\"col-1922098372\" class=\"col small-12 large-12\"  >\n\t\t\t\t<div class=\"col-inner text-center\"  >\n\t\t\t\n\t\t\t\n\n<h2><strong>C\u00e1c ho\u1ea1t \u0111\u1ed9ng t\u1ea1i S\u00e2n b\u00f3ng \u0110\u1ea1i Long<\/strong><\/h2>\n\n\t\t<\/div>\n\t\t\t\t\t<\/div>\n\n\t\n\n\t<div id=\"col-143132234\" class=\"col medium-4 small-12 large-4\"  >\n\t\t\t\t<div class=\"col-inner\"  >\n\t\t\t\n\t\t\t\n\n\t<div id=\"text-3658451731\" class=\"text home-content\">\n\t\t\n\n<h3 class=\"wp-block-heading has-text-align-center has-medium-font-size\" style=\"text-align: center;\"><strong>\u0110\u00e1 b\u00f3ng giao h\u1eefu<\/strong><\/h3>\n<p>C\u00e1c nh\u00f3m b\u1ea1n, c\u00f4ng ty hay c\u00e2u l\u1ea1c b\u1ed9 c\u00f3 th\u1ec3 d\u1ec5 d\u00e0ng t\u1ed5 ch\u1ee9c nh\u1eefng tr\u1eadn \u0111\u1ea5u giao h\u1eefu nh\u1eb1m gi\u1ea3i tr\u00ed, r\u00e8n luy\u1ec7n s\u1ee9c kh\u1ecfe v\u00e0 t\u0103ng c\u01b0\u1eddng tinh th\u1ea7n \u0111\u1ed3ng \u0111\u1ed9i.<\/p>\n\t\t\t<\/div>\n\t\n\n\t\t<\/div>\n\t\t\t\t\t<\/div>\n\n\t\n\n\t<div id=\"col-1884650119\" class=\"col medium-4 small-12 large-4\"  >\n\t\t\t\t<div class=\"col-inner\"  >\n\t\t\t\n\t\t\t\n\n\t<div id=\"text-377370770\" class=\"text home-content\">\n\t\t\n\n<h3 class=\"wp-block-heading has-text-align-center has-medium-font-size\" style=\"text-align: center;\"><strong>Gi\u1ea3i \u0111\u1ea5u phong tr\u00e0o<\/strong><\/h3>\n<p>S\u00e2n th\u01b0\u1eddng xuy\u00ean t\u1ed5 ch\u1ee9c ho\u1eb7c \u0111\u0103ng cai c\u00e1c gi\u1ea3i \u0111\u1ea5u quy m\u00f4 nh\u1ecf v\u00e0 v\u1eeba, t\u1ea1o c\u01a1 h\u1ed9i cho c\u00e1c \u0111\u1ed9i b\u00f3ng giao l\u01b0u, c\u1ecd x\u00e1t v\u00e0 th\u1ec3 hi\u1ec7n k\u1ef9 n\u0103ng thi \u0111\u1ea5u.<\/p>\n\t\t\t<\/div>\n\t\n\n\t\t<\/div>\n\t\t\t\t\t<\/div>\n\n\t\n\n\t<div id=\"col-1786969877\" class=\"col home-content medium-4 small-12 large-4\"  >\n\t\t\t\t<div class=\"col-inner\"  >\n\t\t\t\n\t\t\t\n\n<h3 class=\"wp-block-heading has-text-align-center has-medium-font-size\" style=\"text-align: center;\"><strong>Thu\u00ea s\u00e2n luy\u1ec7n t\u1eadp<\/strong><\/h3>\n<p class=\"stk-block-heading__text\">Ng\u01b0\u1eddi ch\u01a1i c\u00f3 th\u1ec3 thu\u00ea s\u00e2n theo gi\u1edd \u0111\u1ec3 t\u1eadp luy\u1ec7n c\u00e1 nh\u00e2n ho\u1eb7c theo \u0111\u1ed9i, ph\u00f9 h\u1ee3p cho vi\u1ec7c n\u00e2ng cao k\u1ef9 thu\u1eadt, th\u1ec3 l\u1ef1c c\u0169ng nh\u01b0 chu\u1ea9n b\u1ecb cho c\u00e1c tr\u1eadn \u0111\u1ea5u quan tr\u1ecdng.<\/p>\n\n\t\t<\/div>\n\t\t\t\t\t<\/div>\n\n\t\n\n<\/div>\n\n\t\t<\/div>\n\n\t\t\n<style>\n#section_1564526843 {\n  padding-top: 30px;\n  padding-bottom: 30px;\n}\n<\/style>\n\t<\/section>\n\t\n\n","protected":false},"excerpt":{"rendered":"","protected":false},"author":1,"featured_media":0,"parent":0,"menu_order":0,"comment_status":"closed","ping_status":"closed","template":"page-blank.php","meta":{"footnotes":""},"class_list":["post-2","page","type-page","status-publish","hentry"],"_links":{"self":[{"href":"https:\/\/sanbongdailong.site\/index.php\/wp-json\/wp\/v2\/pages\/2","targetHints":{"allow":["GET"]}}],"collection":[{"href":"https:\/\/sanbongdailong.site\/index.php\/wp-json\/wp\/v2\/pages"}],"about":[{"href":"https:\/\/sanbongdailong.site\/index.php\/wp-json\/wp\/v2\/types\/page"}],"author":[{"embeddable":true,"href":"https:\/\/sanbongdailong.site\/index.php\/wp-json\/wp\/v2\/users\/1"}],"replies":[{"embeddable":true,"href":"https:\/\/sanbongdailong.site\/index.php\/wp-json\/wp\/v2\/comments?post=2"}],"version-history":[{"count":11,"href":"https:\/\/sanbongdailong.site\/index.php\/wp-json\/wp\/v2\/pages\/2\/revisions"}],"predecessor-version":[{"id":58,"href":"https:\/\/sanbongdailong.site\/index.php\/wp-json\/wp\/v2\/pages\/2\/revisions\/58"}],"wp:attachment":[{"href":"https:\/\/sanbongdailong.site\/index.php\/wp-json\/wp\/v2\/media?parent=2"}],"curies":[{"name":"wp","href":"https:\/\/api.w.org\/{rel}","templated":true}]}}